{"id":6,"date":"2024-05-05T11:59:26","date_gmt":"2024-05-05T09:59:26","guid":{"rendered":"https:\/\/everhome.lu\/EverHome\/?page_id=6"},"modified":"2024-05-05T12:16:59","modified_gmt":"2024-05-05T10:16:59","slug":"accueil","status":"publish","type":"page","link":"https:\/\/everhome.lu\/EverHome\/","title":{"rendered":"Accueil"},"content":{"rendered":"<h2>Bienvenue sur Everhome<\/h2>\n<p>Trouvez votre logement de r\u00eave gr\u00e2ce \u00e0 notre \u00e9quipe experte.<\/p>\n","protected":false},"excerpt":{"rendered":"<p>Bienvenue sur Everhome Trouvez votre logement de r\u00eave gr\u00e2ce \u00e0 notre \u00e9quipe experte.<\/p>\n","protected":false},"author":1,"featured_media":0,"parent":0,"menu_order":0,"comment_status":"closed","ping_status":"closed","template":"","meta":{"footnotes":""},"class_list":["post-6","page","type-page","status-publish","hentry"],"_links":{"self":[{"href":"https:\/\/everhome.lu\/EverHome\/index.php\/wp-json\/wp\/v2\/pages\/6","targetHints":{"allow":["GET"]}}],"collection":[{"href":"https:\/\/everhome.lu\/EverHome\/index.php\/wp-json\/wp\/v2\/pages"}],"about":[{"href":"https:\/\/everhome.lu\/EverHome\/index.php\/wp-json\/wp\/v2\/types\/page"}],"author":[{"embeddable":true,"href":"https:\/\/everhome.lu\/EverHome\/index.php\/wp-json\/wp\/v2\/users\/1"}],"replies":[{"embeddable":true,"href":"https:\/\/everhome.lu\/EverHome\/index.php\/wp-json\/wp\/v2\/comments?post=6"}],"version-history":[{"count":4,"href":"https:\/\/everhome.lu\/EverHome\/index.php\/wp-json\/wp\/v2\/pages\/6\/revisions"}],"predecessor-version":[{"id":26,"href":"https:\/\/everhome.lu\/EverHome\/index.php\/wp-json\/wp\/v2\/pages\/6\/revisions\/26"}],"wp:attachment":[{"href":"https:\/\/everhome.lu\/EverHome\/index.php\/wp-json\/wp\/v2\/media?parent=6"}],"curies":[{"name":"wp","href":"https:\/\/api.w.org\/{rel}","templated":true}]}}